{"id":1013,"date":"2017-01-06T12:49:19","date_gmt":"2017-01-06T10:49:19","guid":{"rendered":"http:\/\/www.auc.sk\/wordpress\/?page_id=1013"},"modified":"2019-07-03T16:55:49","modified_gmt":"2019-07-03T15:55:49","slug":"koncerty","status":"publish","type":"page","link":"https:\/\/www.auc.sk\/index.php\/o-nas\/aktivity\/koncerty\/","title":{"rendered":"Koncerty"},"content":{"rendered":"<p><a href=\"http:\/\/www.auc.sk\/wordpress\/wp-content\/uploads\/2017\/01\/koncert_kremnica.jpg\" class=\"broken_link\"><img loading=\"lazy\" decoding=\"async\" class=\"alignnone size-full wp-image-1034\" src=\"http:\/\/www.auc.sk\/wordpress\/wp-content\/uploads\/2017\/01\/koncert_kremnica.jpg\" alt=\"\" width=\"800\" height=\"250\" srcset=\"https:\/\/www.auc.sk\/wordpress\/wp-content\/uploads\/2017\/01\/koncert_kremnica.jpg 800w, https:\/\/www.auc.sk\/wordpress\/wp-content\/uploads\/2017\/01\/koncert_kremnica-300x94.jpg 300w, https:\/\/www.auc.sk\/wordpress\/wp-content\/uploads\/2017\/01\/koncert_kremnica-768x240.jpg 768w\" sizes=\"(max-width: 800px) 100vw, 800px\" \/><\/a><\/p>\n<table border=\"0\" width=\"627\" cellpadding=\"3\">\n<tbody>\n<tr>\n<td align=\"left\" valign=\"top\" bgcolor=\"#f5f5f5\" height=\"19\"><strong>2019<\/strong> Pezinok, C\u00edfer, Zlat\u00e9 Moravce<strong>\u00a02018<\/strong>\u00a0Pezinok, Powell River, Campbell River, Nanaimo, Parksville, Victoria, Vancouver, \u010cadca, Trnava, Bratislava, Modra\u00a0<strong>2017<\/strong>\u00a0Pezinok, Bratislava, Budmerice, Ko\u0161ice<strong> 2016\u00a0<\/strong>Brno, Hradec Kr\u00e1lov\u00e9, Bratislava, Ko\u0161ice, Tren\u010d\u00edn, Nitra, Pezinok, Terchov\u00e1 <strong>2015<\/strong> Bratislava, Pezinok, Hurbanovo, \u0160enkvice <strong>2014<\/strong> Jerusalem, Betlehem, Limbach, Kremnica, Pezinok <strong>2013<\/strong> Dublin, Cork, Balatonlelle, Bratislava, Sv\u00e4t\u00fd Jur, Dev\u00ednska Nov\u00e1 Ves, Limbach, Pezinok <strong>2012<\/strong> Tren\u010d\u00edn, Bratislava, Modra, B\u00e1ho\u0148, \u017dakovce, Straten\u00e1, Polomka, Dek\u00fd\u0161, Pezinok <strong>2011<\/strong> Bratislava, Ve\u013ek\u00fd Krt\u00ed\u0161, Chtelnica, Nah\u00e1\u010d, Bergen, Lubn\u00e1, Limbach, Pezinok <strong>2010<\/strong> Freamunde, Ferreira, Bratislava, Zvolen, Krupina, Modra, Bojn\u00e1, Bzov\u00edk, Pezinok <strong>2009<\/strong> Roma, Randers, Bratislava, Tren\u010d\u00edn, Nitra, Doln\u00fd Kub\u00edn, Z\u00e1zriv\u00e1, Oravsk\u00fd hrad, Novo\u0165, Oravsk\u00e1 Lesn\u00e1, Modra, Pezinok <strong>2008<\/strong> Oravsk\u00e1 Lesn\u00e1, Modra nad Cirochou, Ve\u013eopolie, Ko\u0161kovce, Udavsk\u00e9, Miren, Ve\u013ek\u00fd Krt\u00ed\u0161, Krupina, Ri\u0161\u0148ovce, Pezinok <strong>2007<\/strong> Graz, Praha, Bratislava, Mlad\u00e1 Boleslav, Dev\u00ednska Nov\u00e1 Ves, Habovka, Pezinok <strong>2006<\/strong> Mosonmagyar\u00f3v\u00e1r, Bratislava, \u010cerven\u00fd kame\u0148, Limbach, Pezinok <strong>2005<\/strong> Mallorca, Modra, Gbely, Liptovsk\u00e1 osada, C\u00edfer, Pezinok <strong>2004<\/strong> P\u00e4rnu, Lublin, Bratislava, Bansk\u00e1 Bel\u00e1, Senec, Smolenice, \u0160a\u0161t\u00edn-Str\u00e1\u017ee, Limbach, Pezinok <strong>2003<\/strong> Kittsee, Bratislava, Trnava, Bansk\u00e1 Bel\u00e1, Gbely, Sv\u00e4t\u00fd Jur, Ivanka pri Dunaji, Limbach, Pezinok <strong>2002<\/strong> Valletta, Szeged, \u0160umperk, Mlad\u00e1 Boleslav, Bezd\u011bdice, Bratislava, Levice, Vr\u00e1ble, Dev\u00ednska Nov\u00e1 Ves, Pezinok <strong>2001<\/strong> Deutsch-Wagram, Kittsee, Stillfriet, Bratislava, Gbely, Vini\u010dn\u00e9, Bzov\u00edk, Vinosady, Sv\u00e4t\u00fd Jur, Pezinok <strong>2000<\/strong> Praha, Bratislava, Bansk\u00e1 \u0160tiavnica, Stupava, Modra, Vajnory, Pezinok <strong>1999\u00a0<\/strong>Wien, Bratislava, Nitra, Brezno, \u0160urany, Bansk\u00e1 Bel\u00e1, Jakubov, B\u00e1ho\u0148, Sv\u00e4t\u00fd Jur, Vajnory, Dev\u00ednska Nov\u00e1 Ves, Smolenice, Plaveck\u00fd Mikul\u00e1\u0161, Pezinok <strong>1998<\/strong> Praha, Bansk\u00e1 Bystrica, Pie\u0161\u0165any, Vrbov\u00e9, \u017dikava, Pezinok <strong>1997\u00a0<\/strong>Bansk\u00e1 \u0160tiavnica, \u010cadca, Pezinok <strong>1996<\/strong> Bratislava, Liptovsk\u00fd Mikul\u00e1\u0161, Bansk\u00e1 \u0160tiavnica, Smolenice, Ve\u013ek\u00e9 Rip\u0148any, Hos\u0165ovce, Star\u00e9 Hory, Bobrovec, Ni\u017en\u00e1, Zuberec, Habovka, Pezinok <strong>1995<\/strong> Marcellina, Prievidza, Dev\u00ednska Nov\u00e1 Ves, Slovensk\u00fd Grob, K\u00faty, Pezinok <strong>1994<\/strong> \u017ditavany, Sv\u00e4t\u00fd Jur, Pezinok <strong>1993<\/strong> Vinosady, Pezinok <strong>1992\u00a0<\/strong>Modra, Pezinok <strong>1991<\/strong> Bratislava, Modra, B\u00e1ho\u0148, Vinosady, Pezinok <strong>1990<\/strong> Skalica, Pezinok <strong>1989<\/strong> Pezinok <strong>1988\u00a0<\/strong>Pezinok <strong>1987<\/strong> Pezinok<\/td>\n<\/tr>\n<\/tbody>\n<\/table>\n","protected":false},"excerpt":{"rendered":"<p>2019 Pezinok, C\u00edfer, Zlat\u00e9 Moravce\u00a02018\u00a0Pezinok, Powell River, Campbell River, Nanaimo, Parksville, Victoria, Vancouver, \u010cadca, Trnava, Bratislava, Modra\u00a02017\u00a0Pezinok, Bratislava, Budmerice, Ko\u0161ice 2016\u00a0Brno, Hradec Kr\u00e1lov\u00e9, Bratislava, Ko\u0161ice, Tren\u010d\u00edn, Nitra, Pezinok, Terchov\u00e1 2015 <a class=\"read-more\" href=\"https:\/\/www.auc.sk\/index.php\/o-nas\/aktivity\/koncerty\/\">\u010c\u00edtajte viac<\/a><\/p>\n","protected":false},"author":1,"featured_media":0,"parent":25,"menu_order":0,"comment_status":"closed","ping_status":"closed","template":"","meta":{"ngg_post_thumbnail":0,"footnotes":""},"_links":{"self":[{"href":"https:\/\/www.auc.sk\/index.php\/wp-json\/wp\/v2\/pages\/1013"}],"collection":[{"href":"https:\/\/www.auc.sk\/index.php\/wp-json\/wp\/v2\/pages"}],"about":[{"href":"https:\/\/www.auc.sk\/index.php\/wp-json\/wp\/v2\/types\/page"}],"author":[{"embeddable":true,"href":"https:\/\/www.auc.sk\/index.php\/wp-json\/wp\/v2\/users\/1"}],"replies":[{"embeddable":true,"href":"https:\/\/www.auc.sk\/index.php\/wp-json\/wp\/v2\/comments?post=1013"}],"version-history":[{"count":9,"href":"https:\/\/www.auc.sk\/index.php\/wp-json\/wp\/v2\/pages\/1013\/revisions"}],"predecessor-version":[{"id":1558,"href":"https:\/\/www.auc.sk\/index.php\/wp-json\/wp\/v2\/pages\/1013\/revisions\/1558"}],"up":[{"embeddable":true,"href":"https:\/\/www.auc.sk\/index.php\/wp-json\/wp\/v2\/pages\/25"}],"wp:attachment":[{"href":"https:\/\/www.auc.sk\/index.php\/wp-json\/wp\/v2\/media?parent=1013"}],"curies":[{"name":"wp","href":"https:\/\/api.w.org\/{rel}","templated":true}]}}