{"id":229,"date":"2016-04-11T13:35:33","date_gmt":"2016-04-11T11:35:33","guid":{"rendered":"http:\/\/www.auc.sk\/wordpress\/?page_id=229"},"modified":"2016-12-09T18:03:25","modified_gmt":"2016-12-09T16:03:25","slug":"cd-2-te-deum-laudamus","status":"publish","type":"page","link":"https:\/\/www.auc.sk\/index.php\/cd-2-te-deum-laudamus\/","title":{"rendered":"CD 2 &#8211; Te Deum Laudamus"},"content":{"rendered":"<div id=\"pl-229\"  class=\"panel-layout\" ><div id=\"pg-229-0\"  class=\"panel-grid panel-no-style\" ><div id=\"pgc-229-0-0\"  class=\"panel-grid-cell\" ><div id=\"panel-229-0-0-0\" class=\"so-panel widget widget_sow-editor panel-first-child panel-last-child\" data-index=\"0\" ><div\n\t\t\t\n\t\t\tclass=\"so-widget-sow-editor so-widget-sow-editor-base\"\n\t\t\t\n\t\t>\n<div class=\"siteorigin-widget-tinymce textwidget\">\n\t<table border=\"1\">\n<tbody>\n<tr>\n<td style=\"text-align: right;\">Camille Saint-Saens<\/td>\n<td>&nbsp;<\/td>\n<td>TOLLITE HOSTIAS<\/td>\n<\/tr>\n<tr>\n<td style=\"text-align: right;\">Antonio Lotti<\/td>\n<td>&nbsp;<\/td>\n<td>CRUCIFIXUS<\/td>\n<\/tr>\n<tr>\n<td style=\"text-align: right;\">Mikul\u00e1\u0161 Sch.Trnavsk\u00fd<\/td>\n<td>&nbsp;<\/td>\n<td>AVE MARIA<\/td>\n<\/tr>\n<tr>\n<td style=\"text-align: right;\">Anton Bruckner<\/td>\n<td>&nbsp;<\/td>\n<td>TANTUM ERGO<\/td>\n<\/tr>\n<tr>\n<td style=\"text-align: right;\">Pekka Kostiainen<\/td>\n<td>&nbsp;<\/td>\n<td>GLORIA<\/td>\n<\/tr>\n<tr>\n<td style=\"text-align: right;\">Joan Cererois<\/td>\n<td><a href=\"http:\/\/www.auc.sk\/mp3\/ReginaCaeli.mp3\" class=\"broken_link\"><img loading=\"lazy\" decoding=\"async\" class=\"alignnone size-full wp-image-809 aligncenter\" src=\"http:\/\/www.auc.sk\/wordpress\/wp-content\/uploads\/2016\/11\/play.png\" alt=\"play\" width=\"15\" height=\"15\"\/><\/a><\/td>\n<td>REGINA COELI<\/td>\n<\/tr>\n<tr>\n<td style=\"text-align: right;\">Cantus Catholic<\/td>\n<td>&nbsp;<\/td>\n<td>HOSPODIN MOJIM<\/td>\n<\/tr>\n<tr>\n<td style=\"text-align: right;\">Xavier Busto<\/td>\n<td>&nbsp;<\/td>\n<td>AVE MARIA<\/td>\n<\/tr>\n<tr>\n<td style=\"text-align: right;\">John Magerhofer<\/td>\n<td><a href=\"http:\/\/www.auc.sk\/mp3\/PangeLingua.mp3\" class=\"broken_link\"><img loading=\"lazy\" decoding=\"async\" class=\"alignnone size-full wp-image-809 aligncenter\" src=\"http:\/\/www.auc.sk\/wordpress\/wp-content\/uploads\/2016\/11\/play.png\" alt=\"play\" width=\"15\" height=\"15\"\/><\/a><\/td>\n<td>PANGE LINGUA<\/td>\n<\/tr>\n<tr>\n<td style=\"text-align: right;\">Houston Bright<\/td>\n<td><a href=\"http:\/\/www.auc.sk\/mp3\/TeDeum.mp3\" class=\"broken_link\"><img loading=\"lazy\" decoding=\"async\" class=\"alignnone size-full wp-image-809 aligncenter\" src=\"http:\/\/www.auc.sk\/wordpress\/wp-content\/uploads\/2016\/11\/play.png\" alt=\"play\" width=\"15\" height=\"15\"\/><\/a><\/td>\n<td>TE DEUM<\/td>\n<\/tr>\n<tr>\n<td style=\"text-align: right;\">Maurice Durufl\u00e9<\/td>\n<td>&nbsp;<\/td>\n<td>UBI CARITAS<\/td>\n<\/tr>\n<tr>\n<td style=\"text-align: right;\">Anton Tu\u010dapsk\u00fd<\/td>\n<td>&nbsp;<\/td>\n<td>PATER MI<\/td>\n<\/tr>\n<tr>\n<td style=\"text-align: right;\">Franz Biebl<\/td>\n<td>&nbsp;<\/td>\n<td>ANGELUS DOMINI<\/td>\n<\/tr>\n<tr>\n<td style=\"text-align: right;\">Marek Spusta<\/td>\n<td>&nbsp;<\/td>\n<td>AHNEC BO\u017dIJ<\/td>\n<\/tr>\n<tr>\n<td style=\"text-align: right;\">Marek Jasiriski<\/td>\n<td>&nbsp;<\/td>\n<td>PSALM 100<\/td>\n<\/tr>\n<tr>\n<td style=\"text-align: right;\">Dmitri Bortiansky<\/td>\n<td><a href=\"http:\/\/www.auc.sk\/mp3\/TebePoem.mp3\" class=\"broken_link\"><img loading=\"lazy\" decoding=\"async\" class=\"alignnone size-full wp-image-809 aligncenter\" src=\"http:\/\/www.auc.sk\/wordpress\/wp-content\/uploads\/2016\/11\/play.png\" alt=\"play\" width=\"15\" height=\"15\"\/><\/a><\/td>\n<td>TEBE POEM<\/td>\n<\/tr>\n<\/tbody>\n<\/table>\n<\/div>\n<\/div><\/div><\/div><div id=\"pgc-229-0-1\"  class=\"panel-grid-cell\" ><div id=\"panel-229-0-1-0\" class=\"so-panel widget widget_sow-editor panel-first-child panel-last-child\" data-index=\"1\" ><div\n\t\t\t\n\t\t\tclass=\"so-widget-sow-editor so-widget-sow-editor-base\"\n\t\t\t\n\t\t>\n<div class=\"siteorigin-widget-tinymce textwidget\">\n\t<p><img loading=\"lazy\" decoding=\"async\" class=\"alignnone size-full wp-image-135\" src=\"http:\/\/www.auc.sk\/wordpress\/wp-content\/uploads\/2016\/04\/obal2.jpg\" alt=\"obal2\" width=\"153\" height=\"153\" srcset=\"https:\/\/www.auc.sk\/wordpress\/wp-content\/uploads\/2016\/04\/obal2.jpg 153w, https:\/\/www.auc.sk\/wordpress\/wp-content\/uploads\/2016\/04\/obal2-150x150.jpg 150w\" sizes=\"(max-width: 153px) 100vw, 153px\" \/><\/p>\n<\/div>\n<\/div><\/div><\/div><\/div><\/div>","protected":false},"excerpt":{"rendered":"<p>Camille Saint-Saens &nbsp; TOLLITE HOSTIAS Antonio Lotti &nbsp; CRUCIFIXUS Mikul\u00e1\u0161 Sch.Trnavsk\u00fd &nbsp; AVE MARIA Anton Bruckner &nbsp; TANTUM ERGO Pekka Kostiainen &nbsp; GLORIA Joan Cererois REGINA COELI Cantus Catholic &nbsp; <a class=\"read-more\" href=\"https:\/\/www.auc.sk\/index.php\/cd-2-te-deum-laudamus\/\">\u010c\u00edtajte viac<\/a><\/p>\n","protected":false},"author":1,"featured_media":0,"parent":0,"menu_order":0,"comment_status":"closed","ping_status":"closed","template":"","meta":{"ngg_post_thumbnail":0,"footnotes":""},"_links":{"self":[{"href":"https:\/\/www.auc.sk\/index.php\/wp-json\/wp\/v2\/pages\/229"}],"collection":[{"href":"https:\/\/www.auc.sk\/index.php\/wp-json\/wp\/v2\/pages"}],"about":[{"href":"https:\/\/www.auc.sk\/index.php\/wp-json\/wp\/v2\/types\/page"}],"author":[{"embeddable":true,"href":"https:\/\/www.auc.sk\/index.php\/wp-json\/wp\/v2\/users\/1"}],"replies":[{"embeddable":true,"href":"https:\/\/www.auc.sk\/index.php\/wp-json\/wp\/v2\/comments?post=229"}],"version-history":[{"count":8,"href":"https:\/\/www.auc.sk\/index.php\/wp-json\/wp\/v2\/pages\/229\/revisions"}],"predecessor-version":[{"id":832,"href":"https:\/\/www.auc.sk\/index.php\/wp-json\/wp\/v2\/pages\/229\/revisions\/832"}],"wp:attachment":[{"href":"https:\/\/www.auc.sk\/index.php\/wp-json\/wp\/v2\/media?parent=229"}],"curies":[{"name":"wp","href":"https:\/\/api.w.org\/{rel}","templated":true}]}}