{"id":957,"date":"2017-01-05T19:46:18","date_gmt":"2017-01-05T17:46:18","guid":{"rendered":"http:\/\/www.auc.sk\/wordpress\/?page_id=957"},"modified":"2018-12-30T14:39:59","modified_gmt":"2018-12-30T13:39:59","slug":"sutaze","status":"publish","type":"page","link":"https:\/\/www.auc.sk\/index.php\/o-nas\/aktivity\/sutaze\/","title":{"rendered":"S\u00fa\u0165a\u017ee"},"content":{"rendered":"<p><em><strong>2018\u00a0\u00a0<\/strong><\/em><br \/>\n<strong>International Choral Kathaumixw<\/strong> Folk &amp; Traditional (Powell River, Kanada) \u2013 1.miesto<br \/>\n<strong>\u017dilina Voce Magna<\/strong> dospel\u00e9 zbory mie\u0161an\u00e9 (\u017dilina, Slovensko) \u2013 zlat\u00e9 p\u00e1smo, 1. cena v\u00a0kateg\u00f3rii<\/p>\n<p><em><strong>2015\u00a0\u00a0\u00a0<\/strong><\/em><br \/>\n<strong>Musica sacra<\/strong> mie\u0161an\u00e9 zbory (Bratislava, Slovensko) \u2013 strieborn\u00e9 p\u00e1smo<\/p>\n<p><em><strong>2013\u00a0\u00a0\u00a0<\/strong><\/em><br \/>\n<strong>Medzin\u00e1rodn\u00e1 zborov\u00e1 s\u00fa\u0165a\u017e<\/strong> (Cork, \u00cdrsko)<\/p>\n<p><em><strong>2011\u00a0\u00a0\u00a0<\/strong><\/em><br \/>\n<strong>Grieg Int. Choir Festival<\/strong> (Bergen, N\u00f3rsko)<\/p>\n<p><em><strong>2010\u00a0\u00a0\u00a0<\/strong><\/em><br \/>\n<strong>Freamunde Int. Choir Competition<\/strong> (Freamunde, Portugalsko) \u2013 2.miesto<\/p>\n<p><em><strong>2009\u00a0\u00a0\u00a0<\/strong><\/em><br \/>\n<strong>International Choir Festival<\/strong> (Randers, D\u00e1nsko) \u2013 2.miesto<\/p>\n<p><strong><em>2008\u00a0<\/em>\u00a0\u00a0<\/strong><br \/>\n<strong>Festival des Cath\u00e9drales de Picardia<\/strong> (Abbeville, Franc\u00fazsko) \u2013 3.miesto<br \/>\n<strong>Medzin\u00e1rodn\u00e1 su\u0165a\u017e \u201eC.A.SEGHIZZI\u201c<\/strong> (Gorizia, Taliansko)<br \/>\n<strong>S\u00fa\u0165a\u017e Viliama Figu\u0161a-Bystr\u00e9ho<\/strong> (B. Bystrica, Slovensko) \u2013 1.miesto<\/p>\n<p><strong><em>2007\u00a0<\/em>\u00a0\u00a0<\/strong><br \/>\n<strong>Musica Sacra<\/strong> mie\u0161an\u00e9 zbory (Bratislava, Slovensko) \u2013 zlat\u00e9 p\u00e1smo<br \/>\n<strong>Musica Sacra<\/strong> s\u00fa\u010dasn\u00e1 zborov\u00e1 hudba (Bratislava, Slovensko) \u2013 strieborn\u00e9 p\u00e1smo<br \/>\n<strong>Gaude Cantem<\/strong> (Bielsko-Biala, Po\u013esko) \u2013 Strieborn\u00e9 p\u00e1smo<\/p>\n<p><em><strong>2004\u00a0\u00a0<\/strong><\/em><br \/>\n<strong>P\u00e4rnu International Choir Festival<\/strong> (P\u00e4rnu, Est\u00f3nsko) \u2013 3.miesto<\/p>\n<p><strong><em>2002\u00a0<\/em><\/strong><br \/>\n<strong>Malta International Choir Festival<\/strong> (Valletta, Malta) \u2013 1.miesto<\/p>\n<p><em><strong>2000\u00a0\u00a0\u00a0<\/strong><\/em><br \/>\n<strong>Festival des Cath\u00e9drales de Picardie<\/strong> (Sanit-Quentin, Franc\u00fazsko) \u2013 3.miesto<\/p>\n<p><em><strong>1998\u00a0\u00a0\u00a0<\/strong><\/em><br \/>\n<strong>Sv\u00e1tky p\u00edsn\u00ed<\/strong> (Olomouc, \u010cesk\u00e1 Republika) \u2013 1.miesto<\/p>\n<p><em><strong>1996\u00a0\u00a0\u00a0<\/strong><\/em><br \/>\n<strong>Franz Schubert<\/strong> (Viede\u0148, Rak\u00fasko)<\/p>\n<p><em><strong>1994\u00a0\u00a0\u00a0<\/strong><\/em><br \/>\n<strong>Giovanni Pierluigi da Palestrina<\/strong> (R\u00edm, Taliansko) \u2013 \u0161peci\u00e1lna cena<\/p>\n","protected":false},"excerpt":{"rendered":"<p>2018\u00a0\u00a0 International Choral Kathaumixw Folk &amp; Traditional (Powell River, Kanada) \u2013 1.miesto \u017dilina Voce Magna dospel\u00e9 zbory mie\u0161an\u00e9 (\u017dilina, Slovensko) \u2013 zlat\u00e9 p\u00e1smo, 1. cena v\u00a0kateg\u00f3rii 2015\u00a0\u00a0\u00a0 Musica sacra mie\u0161an\u00e9 <a class=\"read-more\" href=\"https:\/\/www.auc.sk\/index.php\/o-nas\/aktivity\/sutaze\/\">\u010c\u00edtajte viac<\/a><\/p>\n","protected":false},"author":1,"featured_media":0,"parent":25,"menu_order":0,"comment_status":"closed","ping_status":"closed","template":"","meta":{"ngg_post_thumbnail":0,"footnotes":""},"_links":{"self":[{"href":"https:\/\/www.auc.sk\/index.php\/wp-json\/wp\/v2\/pages\/957"}],"collection":[{"href":"https:\/\/www.auc.sk\/index.php\/wp-json\/wp\/v2\/pages"}],"about":[{"href":"https:\/\/www.auc.sk\/index.php\/wp-json\/wp\/v2\/types\/page"}],"author":[{"embeddable":true,"href":"https:\/\/www.auc.sk\/index.php\/wp-json\/wp\/v2\/users\/1"}],"replies":[{"embeddable":true,"href":"https:\/\/www.auc.sk\/index.php\/wp-json\/wp\/v2\/comments?post=957"}],"version-history":[{"count":6,"href":"https:\/\/www.auc.sk\/index.php\/wp-json\/wp\/v2\/pages\/957\/revisions"}],"predecessor-version":[{"id":1482,"href":"https:\/\/www.auc.sk\/index.php\/wp-json\/wp\/v2\/pages\/957\/revisions\/1482"}],"up":[{"embeddable":true,"href":"https:\/\/www.auc.sk\/index.php\/wp-json\/wp\/v2\/pages\/25"}],"wp:attachment":[{"href":"https:\/\/www.auc.sk\/index.php\/wp-json\/wp\/v2\/media?parent=957"}],"curies":[{"name":"wp","href":"https:\/\/api.w.org\/{rel}","templated":true}]}}