{"id":1639,"date":"2021-09-25T10:06:11","date_gmt":"2021-09-25T09:06:11","guid":{"rendered":"http:\/\/www.auc.sk\/?post_type=tribe_events&#038;p=1639"},"modified":"2022-01-12T13:33:52","modified_gmt":"2022-01-12T12:33:52","slug":"1639","status":"publish","type":"tribe_events","link":"https:\/\/www.auc.sk\/index.php\/event\/1639\/","title":{"rendered":"CESTY K SEBE XX"},"content":{"rendered":"<p>CESTY K SEBE<br \/>\nXX. ro\u010dn\u00edk benefi\u010dn\u00fdch koncertov pre deti s psychick\u00fdmi poruchami<br \/>\nnad podujat\u00edm prevzala z\u00e1\u0161titu prezidentka Slovenskej republiky pani Zuzana \u010caputov\u00e1<\/p>\n<p>Program:<\/p>\n<p>Marek SPUSTA: Fanfare<br \/>\nJoseph HAYDN: Te Deum<br \/>\nWolfgang Amadeus MOZART: Requiem<\/p>\n<p>&nbsp;<\/p>\n<p>\u00da\u010dinkuj\u00fa:<\/p>\n<p>Mirka TR\u00c1VNI\u010cKOV\u00c1, sopr\u00e1n<br \/>\nJudita ANDELOV\u00c1 , alt<br \/>\n\u0160tefan HORV\u00c1TH, tenor<br \/>\nMat\u00fa\u0161 TR\u00c1VNI\u010cEK, bas<br \/>\nAD UNA CORDA, pezinsk\u00fd chr\u00e1mov\u00fd zbor<br \/>\nCAPPELLA ISTROPOLITANA<br \/>\nMari\u00e1n \u0160IPO\u0160, dirigent<\/p>\n<p>&nbsp;<\/p>\n<p><img loading=\"lazy\" decoding=\"async\" class=\"alignnone wp-image-1484\" src=\"http:\/\/www.auc.sk\/wordpress\/wp-content\/uploads\/2018\/08\/FPU_peciatka-300x150.jpg\" alt=\"\" width=\"216\" height=\"108\" srcset=\"https:\/\/www.auc.sk\/wordpress\/wp-content\/uploads\/2018\/08\/FPU_peciatka-300x150.jpg 300w, https:\/\/www.auc.sk\/wordpress\/wp-content\/uploads\/2018\/08\/FPU_peciatka.jpg 425w\" sizes=\"(max-width: 216px) 100vw, 216px\" \/>\u00a0 \u00a0 \u00a0 \u00a0 \u00a0 \u00a0 \u00a0 \u00a0 \u00a0 \u00a0 \u00a0 \u00a0 <img loading=\"lazy\" decoding=\"async\" class=\"alignnone wp-image-1486\" src=\"http:\/\/www.auc.sk\/wordpress\/wp-content\/uploads\/2018\/08\/logosoza-z\u00e1kl-logotyp-na-sirku-300x169.jpg\" alt=\"\" width=\"178\" height=\"100\" srcset=\"https:\/\/www.auc.sk\/wordpress\/wp-content\/uploads\/2018\/08\/logosoza-z\u00e1kl-logotyp-na-sirku-300x169.jpg 300w, https:\/\/www.auc.sk\/wordpress\/wp-content\/uploads\/2018\/08\/logosoza-z\u00e1kl-logotyp-na-sirku.jpg 600w\" sizes=\"(max-width: 178px) 100vw, 178px\" \/>\u00a0 \u00a0 \u00a0 \u00a0 \u00a0 \u00a0 \u00a0 \u00a0 \u00a0 \u00a0 \u00a0<img loading=\"lazy\" decoding=\"async\" class=\"alignnone wp-image-1485\" src=\"http:\/\/www.auc.sk\/wordpress\/wp-content\/uploads\/2018\/08\/hf-logo-final-300x84.jpg\" alt=\"\" width=\"317\" height=\"89\" srcset=\"https:\/\/www.auc.sk\/wordpress\/wp-content\/uploads\/2018\/08\/hf-logo-final-300x84.jpg 300w, https:\/\/www.auc.sk\/wordpress\/wp-content\/uploads\/2018\/08\/hf-logo-final-768x215.jpg 768w, https:\/\/www.auc.sk\/wordpress\/wp-content\/uploads\/2018\/08\/hf-logo-final-1024x287.jpg 1024w, https:\/\/www.auc.sk\/wordpress\/wp-content\/uploads\/2018\/08\/hf-logo-final.jpg 1610w\" sizes=\"(max-width: 317px) 100vw, 317px\" \/><\/p>\n<p>&nbsp;<\/p>\n<p><strong>Podujatie z verejn\u00fdch zdrojov podporil Fond na podporu umenia, Hudobn\u00fd fond a\u00a0Slovensk\u00fd ochrann\u00fd zv\u00e4z autorsk\u00fd pre pr\u00e1va k hudobn\u00fdm dielam<\/strong><\/p>\n","protected":false},"excerpt":{"rendered":"<p>CESTY K SEBE<br \/>\nXX. ro\u010dn\u00edk benefi\u010dn\u00fdch koncertov pre deti s psychick\u00fdmi poruchami<\/p>\n","protected":false},"author":3,"featured_media":921,"template":"","meta":{"ngg_post_thumbnail":0,"_tribe_events_status":"","_tribe_events_status_reason":"","footnotes":""},"tags":[],"tribe_events_cat":[],"_links":{"self":[{"href":"https:\/\/www.auc.sk\/index.php\/wp-json\/wp\/v2\/tribe_events\/1639"}],"collection":[{"href":"https:\/\/www.auc.sk\/index.php\/wp-json\/wp\/v2\/tribe_events"}],"about":[{"href":"https:\/\/www.auc.sk\/index.php\/wp-json\/wp\/v2\/types\/tribe_events"}],"author":[{"embeddable":true,"href":"https:\/\/www.auc.sk\/index.php\/wp-json\/wp\/v2\/users\/3"}],"version-history":[{"count":8,"href":"https:\/\/www.auc.sk\/index.php\/wp-json\/wp\/v2\/tribe_events\/1639\/revisions"}],"predecessor-version":[{"id":1665,"href":"https:\/\/www.auc.sk\/index.php\/wp-json\/wp\/v2\/tribe_events\/1639\/revisions\/1665"}],"wp:featuredmedia":[{"embeddable":true,"href":"https:\/\/www.auc.sk\/index.php\/wp-json\/wp\/v2\/media\/921"}],"wp:attachment":[{"href":"https:\/\/www.auc.sk\/index.php\/wp-json\/wp\/v2\/media?parent=1639"}],"wp:term":[{"taxonomy":"post_tag","embeddable":true,"href":"https:\/\/www.auc.sk\/index.php\/wp-json\/wp\/v2\/tags?post=1639"},{"taxonomy":"tribe_events_cat","embeddable":true,"href":"https:\/\/www.auc.sk\/index.php\/wp-json\/wp\/v2\/tribe_events_cat?post=1639"}],"curies":[{"name":"wp","href":"https:\/\/api.w.org\/{rel}","templated":true}]}}

<p>CESTY K SEBE<br />
XX. ročník benefičných koncertov pre deti s psychickými poruchami<br />
nad podujatím prevzala záštitu prezidentka Slovenskej republiky pani Zuzana Čaputová</p>
<p>Program:</p>
<p>Marek SPUSTA: Fanfare<br />
Joseph HAYDN: Te Deum<br />
Wolfgang Amadeus MOZART: Requiem</p>
<p>&nbsp;</p>
<p>Účinkujú:</p>
<p>Mirka TRÁVNIČKOVÁ, soprán<br />
Judita ANDELOVÁ , alt<br />
Štefan HORVÁTH, tenor<br />
Matúš TRÁVNIČEK, bas<br />
AD UNA CORDA, pezinský chrámový zbor<br />
CAPPELLA ISTROPOLITANA<br />
Marián ŠIPOŠ, dirigent</p>
<p>&nbsp;</p>
<p><img loading="lazy" decoding="async" class="alignnone wp-image-1484" src="http://www.auc.sk/wordpress/wp-content/uploads/2018/08/FPU_peciatka-300x150.jpg" alt="" width="216" height="108" srcset="https://www.auc.sk/wordpress/wp-content/uploads/2018/08/FPU_peciatka-300x150.jpg 300w, https://www.auc.sk/wordpress/wp-content/uploads/2018/08/FPU_peciatka.jpg 425w" sizes="(max-width: 216px) 100vw, 216px" />                        <img loading="lazy" decoding="async" class="alignnone wp-image-1486" src="http://www.auc.sk/wordpress/wp-content/uploads/2018/08/logosoza-zákl-logotyp-na-sirku-300x169.jpg" alt="" width="178" height="100" srcset="https://www.auc.sk/wordpress/wp-content/uploads/2018/08/logosoza-zákl-logotyp-na-sirku-300x169.jpg 300w, https://www.auc.sk/wordpress/wp-content/uploads/2018/08/logosoza-zákl-logotyp-na-sirku.jpg 600w" sizes="(max-width: 178px) 100vw, 178px" />                     <img loading="lazy" decoding="async" class="alignnone wp-image-1485" src="http://www.auc.sk/wordpress/wp-content/uploads/2018/08/hf-logo-final-300x84.jpg" alt="" width="317" height="89" srcset="https://www.auc.sk/wordpress/wp-content/uploads/2018/08/hf-logo-final-300x84.jpg 300w, https://www.auc.sk/wordpress/wp-content/uploads/2018/08/hf-logo-final-768x215.jpg 768w, https://www.auc.sk/wordpress/wp-content/uploads/2018/08/hf-logo-final-1024x287.jpg 1024w, https://www.auc.sk/wordpress/wp-content/uploads/2018/08/hf-logo-final.jpg 1610w" sizes="(max-width: 317px) 100vw, 317px" /></p>
<p>&nbsp;</p>
<p><strong>Podujatie z verejných zdrojov podporil Fond na podporu umenia, Hudobný fond a Slovenský ochranný zväz autorský pre práva k hudobným dielam</strong></p>

<p>CESTY K SEBE<br />
XX. ročník benefičných koncertov pre deti s psychickými poruchami</p>
