{"id":1652,"date":"2021-11-19T13:31:53","date_gmt":"2021-11-19T12:31:53","guid":{"rendered":"http:\/\/www.auc.sk\/?post_type=tribe_events&#038;p=1652"},"modified":"2022-01-04T09:41:57","modified_gmt":"2022-01-04T08:41:57","slug":"pocta-ludovitovi-rajterovi","status":"publish","type":"tribe_events","link":"https:\/\/www.auc.sk\/index.php\/event\/pocta-ludovitovi-rajterovi\/","title":{"rendered":"Pocta \u013dudov\u00edtovi Rajterovi"},"content":{"rendered":"<p><img loading=\"lazy\" decoding=\"async\" class=\"alignleft wp-image-1653 size-medium\" style=\"font-style: inherit;\" src=\"http:\/\/www.auc.sk\/wordpress\/wp-content\/uploads\/2021\/11\/AUC_Rajter_plagat-212x300.jpg\" alt=\"\" width=\"212\" height=\"300\" srcset=\"https:\/\/www.auc.sk\/wordpress\/wp-content\/uploads\/2021\/11\/AUC_Rajter_plagat-212x300.jpg 212w, https:\/\/www.auc.sk\/wordpress\/wp-content\/uploads\/2021\/11\/AUC_Rajter_plagat-724x1024.jpg 724w, https:\/\/www.auc.sk\/wordpress\/wp-content\/uploads\/2021\/11\/AUC_Rajter_plagat-768x1086.jpg 768w, https:\/\/www.auc.sk\/wordpress\/wp-content\/uploads\/2021\/11\/AUC_Rajter_plagat-1086x1536.jpg 1086w, https:\/\/www.auc.sk\/wordpress\/wp-content\/uploads\/2021\/11\/AUC_Rajter_plagat-1448x2048.jpg 1448w, https:\/\/www.auc.sk\/wordpress\/wp-content\/uploads\/2021\/11\/AUC_Rajter_plagat.jpg 1756w\" sizes=\"(max-width: 212px) 100vw, 212px\" \/><\/p>\n<p>program:<br \/>\n\u013dudov\u00edt RAJTER: Iustorum animae<br \/>\nJoseph HAYD<span style=\"font-size: 15px;\">N: Koncert pre violon\u010delo C dur<\/span><\/p>\n<p>\u013dudov\u00edt RAJTER: Suite miniature<br \/>\nMirko KRAJ\u010cI: In Festo Domini Nostri (Hommage \u00e1 \u013d. Rajter)<\/p>\n<p>\u00fa\u010dinkuj\u00fa:<br \/>\nEva \u0160U\u0160KOV\u00c1, sopr\u00e1n<br \/>\nMat\u00fa\u0161 TR\u00c1VNI\u010cEK, bas<br \/>\nMichal HARING, violon\u010delo<br \/>\nAD UNA CORDA, pezinsk\u00fd chr\u00e1mov\u00fd zbor<br \/>\nCAPPELLA ISTROPOLITANA<br \/>\nMari\u00e1n \u0160IPO\u0160, dirigent<\/p>\n<p>&nbsp;<\/p>\n<p>Podujatie z verejn\u00fdch zdrojov podporil Fond na podporu umenia i Bratislavsk\u00fd samospr\u00e1vny kraj. Koncert sa uskuto\u010dnil s finan\u010dn\u00fdm pr\u00edspevkom Hudobn\u00e9ho fondu a Slovensk\u00e9ho ochrann\u00e9ho zv\u00e4zu autorsk\u00e9ho pre pr\u00e1va k hudobn\u00fdm dielam (SOZA).<\/p>\n<p><img loading=\"lazy\" decoding=\"async\" class=\"alignnone wp-image-1486\" src=\"http:\/\/www.auc.sk\/wordpress\/wp-content\/uploads\/2018\/08\/logosoza-z\u00e1kl-logotyp-na-sirku-300x169.jpg\" alt=\"\" width=\"128\" height=\"72\" srcset=\"https:\/\/www.auc.sk\/wordpress\/wp-content\/uploads\/2018\/08\/logosoza-z\u00e1kl-logotyp-na-sirku-300x169.jpg 300w, https:\/\/www.auc.sk\/wordpress\/wp-content\/uploads\/2018\/08\/logosoza-z\u00e1kl-logotyp-na-sirku.jpg 600w\" sizes=\"(max-width: 128px) 100vw, 128px\" \/>\u00a0 \u00a0 \u00a0 \u00a0 \u00a0 <img loading=\"lazy\" decoding=\"async\" class=\"alignnone  wp-image-1660\" src=\"http:\/\/www.auc.sk\/wordpress\/wp-content\/uploads\/2021\/11\/BSK-nove-300x160.jpg\" alt=\"\" width=\"139\" height=\"74\" srcset=\"https:\/\/www.auc.sk\/wordpress\/wp-content\/uploads\/2021\/11\/BSK-nove-300x160.jpg 300w, https:\/\/www.auc.sk\/wordpress\/wp-content\/uploads\/2021\/11\/BSK-nove-1024x546.jpg 1024w, https:\/\/www.auc.sk\/wordpress\/wp-content\/uploads\/2021\/11\/BSK-nove-768x410.jpg 768w, https:\/\/www.auc.sk\/wordpress\/wp-content\/uploads\/2021\/11\/BSK-nove-1536x819.jpg 1536w, https:\/\/www.auc.sk\/wordpress\/wp-content\/uploads\/2021\/11\/BSK-nove-2048x1092.jpg 2048w\" sizes=\"(max-width: 139px) 100vw, 139px\" \/><\/p>\n<p><img loading=\"lazy\" decoding=\"async\" class=\"alignnone wp-image-1485\" src=\"http:\/\/www.auc.sk\/wordpress\/wp-content\/uploads\/2018\/08\/hf-logo-final-300x84.jpg\" alt=\"\" width=\"200\" height=\"56\" srcset=\"https:\/\/www.auc.sk\/wordpress\/wp-content\/uploads\/2018\/08\/hf-logo-final-300x84.jpg 300w, https:\/\/www.auc.sk\/wordpress\/wp-content\/uploads\/2018\/08\/hf-logo-final-768x215.jpg 768w, https:\/\/www.auc.sk\/wordpress\/wp-content\/uploads\/2018\/08\/hf-logo-final-1024x287.jpg 1024w, https:\/\/www.auc.sk\/wordpress\/wp-content\/uploads\/2018\/08\/hf-logo-final.jpg 1610w\" sizes=\"(max-width: 200px) 100vw, 200px\" \/> \u00a0 <img loading=\"lazy\" decoding=\"async\" class=\"alignnone wp-image-1484\" src=\"http:\/\/www.auc.sk\/wordpress\/wp-content\/uploads\/2018\/08\/FPU_peciatka-300x150.jpg\" alt=\"\" width=\"172\" height=\"86\" srcset=\"https:\/\/www.auc.sk\/wordpress\/wp-content\/uploads\/2018\/08\/FPU_peciatka-300x150.jpg 300w, https:\/\/www.auc.sk\/wordpress\/wp-content\/uploads\/2018\/08\/FPU_peciatka.jpg 425w\" sizes=\"(max-width: 172px) 100vw, 172px\" \/><\/p>\n","protected":false},"excerpt":{"rendered":"<p>Koncert pri pr\u00edle\u017eitosti 115. v\u00fdro\u010dia narodenia skladate\u013ea a dirigenta \u013dudov\u00edta Rajtera<\/p>\n","protected":false},"author":3,"featured_media":850,"template":"","meta":{"ngg_post_thumbnail":0,"_tribe_events_status":"","_tribe_events_status_reason":"","footnotes":""},"tags":[],"tribe_events_cat":[],"_links":{"self":[{"href":"https:\/\/www.auc.sk\/index.php\/wp-json\/wp\/v2\/tribe_events\/1652"}],"collection":[{"href":"https:\/\/www.auc.sk\/index.php\/wp-json\/wp\/v2\/tribe_events"}],"about":[{"href":"https:\/\/www.auc.sk\/index.php\/wp-json\/wp\/v2\/types\/tribe_events"}],"author":[{"embeddable":true,"href":"https:\/\/www.auc.sk\/index.php\/wp-json\/wp\/v2\/users\/3"}],"version-history":[{"count":4,"href":"https:\/\/www.auc.sk\/index.php\/wp-json\/wp\/v2\/tribe_events\/1652\/revisions"}],"predecessor-version":[{"id":1661,"href":"https:\/\/www.auc.sk\/index.php\/wp-json\/wp\/v2\/tribe_events\/1652\/revisions\/1661"}],"wp:featuredmedia":[{"embeddable":true,"href":"https:\/\/www.auc.sk\/index.php\/wp-json\/wp\/v2\/media\/850"}],"wp:attachment":[{"href":"https:\/\/www.auc.sk\/index.php\/wp-json\/wp\/v2\/media?parent=1652"}],"wp:term":[{"taxonomy":"post_tag","embeddable":true,"href":"https:\/\/www.auc.sk\/index.php\/wp-json\/wp\/v2\/tags?post=1652"},{"taxonomy":"tribe_events_cat","embeddable":true,"href":"https:\/\/www.auc.sk\/index.php\/wp-json\/wp\/v2\/tribe_events_cat?post=1652"}],"curies":[{"name":"wp","href":"https:\/\/api.w.org\/{rel}","templated":true}]}}

Pocta Ľudovítovi Rajterovi

<p><img loading="lazy" decoding="async" class="alignleft wp-image-1653 size-medium" style="font-style: inherit;" src="http://www.auc.sk/wordpress/wp-content/uploads/2021/11/AUC_Rajter_plagat-212x300.jpg" alt="" width="212" height="300" srcset="https://www.auc.sk/wordpress/wp-content/uploads/2021/11/AUC_Rajter_plagat-212x300.jpg 212w, https://www.auc.sk/wordpress/wp-content/uploads/2021/11/AUC_Rajter_plagat-724x1024.jpg 724w, https://www.auc.sk/wordpress/wp-content/uploads/2021/11/AUC_Rajter_plagat-768x1086.jpg 768w, https://www.auc.sk/wordpress/wp-content/uploads/2021/11/AUC_Rajter_plagat-1086x1536.jpg 1086w, https://www.auc.sk/wordpress/wp-content/uploads/2021/11/AUC_Rajter_plagat-1448x2048.jpg 1448w, https://www.auc.sk/wordpress/wp-content/uploads/2021/11/AUC_Rajter_plagat.jpg 1756w" sizes="(max-width: 212px) 100vw, 212px" /></p>
<p>program:<br />
Ľudovít RAJTER: Iustorum animae<br />
Joseph HAYD<span style="font-size: 15px;">N: Koncert pre violončelo C dur</span></p>
<p>Ľudovít RAJTER: Suite miniature<br />
Mirko KRAJČI: In Festo Domini Nostri (Hommage á Ľ. Rajter)</p>
<p>účinkujú:<br />
Eva ŠUŠKOVÁ, soprán<br />
Matúš TRÁVNIČEK, bas<br />
Michal HARING, violončelo<br />
AD UNA CORDA, pezinský chrámový zbor<br />
CAPPELLA ISTROPOLITANA<br />
Marián ŠIPOŠ, dirigent</p>
<p>&nbsp;</p>
<p>Podujatie z verejných zdrojov podporil Fond na podporu umenia i Bratislavský samosprávny kraj. Koncert sa uskutočnil s finančným príspevkom Hudobného fondu a Slovenského ochranného zväzu autorského pre práva k hudobným dielam (SOZA).</p>
<p><img loading="lazy" decoding="async" class="alignnone wp-image-1486" src="http://www.auc.sk/wordpress/wp-content/uploads/2018/08/logosoza-zákl-logotyp-na-sirku-300x169.jpg" alt="" width="128" height="72" srcset="https://www.auc.sk/wordpress/wp-content/uploads/2018/08/logosoza-zákl-logotyp-na-sirku-300x169.jpg 300w, https://www.auc.sk/wordpress/wp-content/uploads/2018/08/logosoza-zákl-logotyp-na-sirku.jpg 600w" sizes="(max-width: 128px) 100vw, 128px" />          <img loading="lazy" decoding="async" class="alignnone  wp-image-1660" src="http://www.auc.sk/wordpress/wp-content/uploads/2021/11/BSK-nove-300x160.jpg" alt="" width="139" height="74" srcset="https://www.auc.sk/wordpress/wp-content/uploads/2021/11/BSK-nove-300x160.jpg 300w, https://www.auc.sk/wordpress/wp-content/uploads/2021/11/BSK-nove-1024x546.jpg 1024w, https://www.auc.sk/wordpress/wp-content/uploads/2021/11/BSK-nove-768x410.jpg 768w, https://www.auc.sk/wordpress/wp-content/uploads/2021/11/BSK-nove-1536x819.jpg 1536w, https://www.auc.sk/wordpress/wp-content/uploads/2021/11/BSK-nove-2048x1092.jpg 2048w" sizes="(max-width: 139px) 100vw, 139px" /></p>
<p><img loading="lazy" decoding="async" class="alignnone wp-image-1485" src="http://www.auc.sk/wordpress/wp-content/uploads/2018/08/hf-logo-final-300x84.jpg" alt="" width="200" height="56" srcset="https://www.auc.sk/wordpress/wp-content/uploads/2018/08/hf-logo-final-300x84.jpg 300w, https://www.auc.sk/wordpress/wp-content/uploads/2018/08/hf-logo-final-768x215.jpg 768w, https://www.auc.sk/wordpress/wp-content/uploads/2018/08/hf-logo-final-1024x287.jpg 1024w, https://www.auc.sk/wordpress/wp-content/uploads/2018/08/hf-logo-final.jpg 1610w" sizes="(max-width: 200px) 100vw, 200px" />   <img loading="lazy" decoding="async" class="alignnone wp-image-1484" src="http://www.auc.sk/wordpress/wp-content/uploads/2018/08/FPU_peciatka-300x150.jpg" alt="" width="172" height="86" srcset="https://www.auc.sk/wordpress/wp-content/uploads/2018/08/FPU_peciatka-300x150.jpg 300w, https://www.auc.sk/wordpress/wp-content/uploads/2018/08/FPU_peciatka.jpg 425w" sizes="(max-width: 172px) 100vw, 172px" /></p>

<p>Koncert pri príležitosti 115. výročia narodenia skladateľa a dirigenta Ľudovíta Rajtera</p>
