{"id":1673,"date":"2022-03-05T19:21:44","date_gmt":"2022-03-05T18:21:44","guid":{"rendered":"http:\/\/www.auc.sk\/?post_type=tribe_events&#038;p=1673"},"modified":"2022-03-10T12:00:16","modified_gmt":"2022-03-10T11:00:16","slug":"mier-pre-ukrajinu","status":"publish","type":"tribe_events","link":"https:\/\/www.auc.sk\/index.php\/event\/mier-pre-ukrajinu\/","title":{"rendered":"MIER PRE UKRAJINU"},"content":{"rendered":"<p>Zbor\u00a0Ad Una Corda\u00a0V\u00e1s poz\u00fdva na\u00a0hudobno-medita\u010dn\u00e9 p\u00e1smo\u00a0<strong>\u201eMier pre Ukrajinu\u201c<\/strong>, ktor\u00e9 sa uskuto\u010dn\u00ed\u00a0v\u00a0sobotu 12.3.2022 v Dolnom kostole v\u00a0\u010dase od 17:00 do 21:00 hod.<\/p>\n<p>\u00da\u010dinkova\u0165 bud\u00fa viacer\u00ed s\u00f3listi a\u00a0hudobn\u00e9 zoskupenia a\u00a0ich hudobn\u00fd prejav bude popretk\u00e1van\u00fd \u00favahami o\u00a0hodnote mieru. Program n\u00e1jdete na plag\u00e1te. M\u00f4\u017eete si vybra\u0165, kedy pr\u00eddete, pod\u013ea \u010dasu, ktor\u00fd V\u00e1m bude vyhovova\u0165, alebo pod\u013ea \u00fa\u010dinkuj\u00facich, ktor\u00fdch chcete po\u010du\u0165. Va\u0161e dobrovo\u013en\u00e9 pr\u00edspevky bud\u00fa venovan\u00e9\u00a0<strong>Slovenskej katol\u00edckej charite<\/strong>\u00a0na rie\u0161enie humanit\u00e1rnej kr\u00edzy na Ukrajine.<\/p>\n<p>Umelci J\u00falia Pia\u010dkov\u00e1, Igor Pia\u010dka a Martin\u00a0Dz\u00farek\u00a0na tento \u00fa\u010del\u00a0poskytli svoje diela:<\/p>\n<p><img loading=\"lazy\" decoding=\"async\" class=\"alignnone size-medium wp-image-1679\" src=\"http:\/\/www.auc.sk\/wordpress\/wp-content\/uploads\/2022\/03\/Julia-Piackova-JAR-237x300.jpg\" alt=\"\" width=\"237\" height=\"300\" srcset=\"https:\/\/www.auc.sk\/wordpress\/wp-content\/uploads\/2022\/03\/Julia-Piackova-JAR-237x300.jpg 237w, https:\/\/www.auc.sk\/wordpress\/wp-content\/uploads\/2022\/03\/Julia-Piackova-JAR-808x1024.jpg 808w, https:\/\/www.auc.sk\/wordpress\/wp-content\/uploads\/2022\/03\/Julia-Piackova-JAR-768x973.jpg 768w, https:\/\/www.auc.sk\/wordpress\/wp-content\/uploads\/2022\/03\/Julia-Piackova-JAR-1212x1536.jpg 1212w, https:\/\/www.auc.sk\/wordpress\/wp-content\/uploads\/2022\/03\/Julia-Piackova-JAR.jpg 1616w\" sizes=\"(max-width: 237px) 100vw, 237px\" \/>\u00a0 \u00a0<img loading=\"lazy\" decoding=\"async\" class=\"alignnone size-medium wp-image-1678\" style=\"font-style: inherit;\" src=\"http:\/\/www.auc.sk\/wordpress\/wp-content\/uploads\/2022\/03\/Igor-Piacka-STASTIE-199x300.jpg\" alt=\"\" width=\"199\" height=\"300\" srcset=\"https:\/\/www.auc.sk\/wordpress\/wp-content\/uploads\/2022\/03\/Igor-Piacka-STASTIE-199x300.jpg 199w, https:\/\/www.auc.sk\/wordpress\/wp-content\/uploads\/2022\/03\/Igor-Piacka-STASTIE-681x1024.jpg 681w, https:\/\/www.auc.sk\/wordpress\/wp-content\/uploads\/2022\/03\/Igor-Piacka-STASTIE-768x1156.jpg 768w, https:\/\/www.auc.sk\/wordpress\/wp-content\/uploads\/2022\/03\/Igor-Piacka-STASTIE-1021x1536.jpg 1021w, https:\/\/www.auc.sk\/wordpress\/wp-content\/uploads\/2022\/03\/Igor-Piacka-STASTIE.jpg 1361w\" sizes=\"(max-width: 199px) 100vw, 199px\" \/>\u00a0 \u00a0<img loading=\"lazy\" decoding=\"async\" class=\"alignnone size-medium wp-image-1680\" style=\"font-family: inherit; font-style: inherit; font-weight: inherit;\" src=\"http:\/\/www.auc.sk\/wordpress\/wp-content\/uploads\/2022\/03\/Martin-Dzurek-SPOLU-205x300.jpg\" alt=\"\" width=\"205\" height=\"300\" srcset=\"https:\/\/www.auc.sk\/wordpress\/wp-content\/uploads\/2022\/03\/Martin-Dzurek-SPOLU-205x300.jpg 205w, https:\/\/www.auc.sk\/wordpress\/wp-content\/uploads\/2022\/03\/Martin-Dzurek-SPOLU-699x1024.jpg 699w, https:\/\/www.auc.sk\/wordpress\/wp-content\/uploads\/2022\/03\/Martin-Dzurek-SPOLU-768x1125.jpg 768w, https:\/\/www.auc.sk\/wordpress\/wp-content\/uploads\/2022\/03\/Martin-Dzurek-SPOLU-1048x1536.jpg 1048w, https:\/\/www.auc.sk\/wordpress\/wp-content\/uploads\/2022\/03\/Martin-Dzurek-SPOLU.jpg 1092w\" sizes=\"(max-width: 205px) 100vw, 205px\" \/><\/p>\n<ul>\n<li>J\u00falia Pia\u010dkov\u00e1: \u201e<strong>Jar<\/strong>\u201e, akryl na pl\u00e1tne, 50 x 40 cm, 450 Eur<\/li>\n<li>Igor Pia\u010dka: \u201e<strong>\u0160\u0165astie<\/strong>\u201e, lept, such\u00e1 ihla, mezzotinta, 99 x 66 cm, 550 Eur<\/li>\n<li>Martin Dz\u00farek:\u00a0\u201e<strong>Spolu<\/strong>\u201e,\u00a0bronz\/grafit, 7 x 7 x 25 cm, 600 Euro<\/li>\n<\/ul>\n<p>Ak\u00a0uva\u017eujete nad podporou \u013eud\u00ed z Ukrajiny formou k\u00fapy t\u00fdchto umeleck\u00fdch diel, kontaktujte n\u00e1s, pros\u00edm, prostredn\u00edctvom e-mailu\u00a0<a href=\"mailto:adunacorda@gmail.com\" target=\"_blank\" rel=\"noreferrer noopener\">adunacorda@gmail.com<\/a>, alebo na tel. \u010d\u00edsle 0908 112 111.<\/p>\n<p>Vami zak\u00fapen\u00e9 dielo si m\u00f4\u017eete prevzia\u0165 po\u010das podujatia, alebo V\u00e1m ho\u00a0doru\u010d\u00edme po podujat\u00ed s t\u00fdm, \u017ee na koncerte bude zverejnen\u00e1 len v\u00fd\u0161ka V\u00e1\u0161ho pr\u00edspevku ako verejn\u00e9 po\u010fakovanie Bohu zn\u00e1memu dobrodincovi\u2026.<\/p>\n<p>Za \u00fa\u010delom z\u00edskania \u010do najv\u00e4\u010d\u0161ej podpory pre potreby \u013eud\u00ed z Ukrajiny diela bud\u00fa pon\u00faknut\u00e9 tomu z V\u00e1s, kto daruje najvy\u0161\u0161\u00ed pr\u00edspevok.<\/p>\n<p>\u010eAKUJEME za porozumenie a podporu.<\/p>\n","protected":false},"excerpt":{"rendered":"<p>s\u00e9ria minikoncertov a zamyslen\u00ed v Pezinku<\/p>\n","protected":false},"author":3,"featured_media":1674,"template":"","meta":{"ngg_post_thumbnail":0,"_tribe_events_status":"","_tribe_events_status_reason":"","footnotes":""},"tags":[],"tribe_events_cat":[],"_links":{"self":[{"href":"https:\/\/www.auc.sk\/index.php\/wp-json\/wp\/v2\/tribe_events\/1673"}],"collection":[{"href":"https:\/\/www.auc.sk\/index.php\/wp-json\/wp\/v2\/tribe_events"}],"about":[{"href":"https:\/\/www.auc.sk\/index.php\/wp-json\/wp\/v2\/types\/tribe_events"}],"author":[{"embeddable":true,"href":"https:\/\/www.auc.sk\/index.php\/wp-json\/wp\/v2\/users\/3"}],"version-history":[{"count":4,"href":"https:\/\/www.auc.sk\/index.php\/wp-json\/wp\/v2\/tribe_events\/1673\/revisions"}],"predecessor-version":[{"id":1681,"href":"https:\/\/www.auc.sk\/index.php\/wp-json\/wp\/v2\/tribe_events\/1673\/revisions\/1681"}],"wp:featuredmedia":[{"embeddable":true,"href":"https:\/\/www.auc.sk\/index.php\/wp-json\/wp\/v2\/media\/1674"}],"wp:attachment":[{"href":"https:\/\/www.auc.sk\/index.php\/wp-json\/wp\/v2\/media?parent=1673"}],"wp:term":[{"taxonomy":"post_tag","embeddable":true,"href":"https:\/\/www.auc.sk\/index.php\/wp-json\/wp\/v2\/tags?post=1673"},{"taxonomy":"tribe_events_cat","embeddable":true,"href":"https:\/\/www.auc.sk\/index.php\/wp-json\/wp\/v2\/tribe_events_cat?post=1673"}],"curies":[{"name":"wp","href":"https:\/\/api.w.org\/{rel}","templated":true}]}}

<p>Zbor Ad Una Corda Vás pozýva na hudobno-meditačné pásmo <strong>„Mier pre Ukrajinu“</strong>, ktoré sa uskutoční v sobotu 12.3.2022 v Dolnom kostole v čase od 17:00 do 21:00 hod.</p>
<p>Účinkovať budú viacerí sólisti a hudobné zoskupenia a ich hudobný prejav bude popretkávaný úvahami o hodnote mieru. Program nájdete na plagáte. Môžete si vybrať, kedy prídete, podľa času, ktorý Vám bude vyhovovať, alebo podľa účinkujúcich, ktorých chcete počuť. Vaše dobrovoľné príspevky budú venované <strong>Slovenskej katolíckej charite</strong> na riešenie humanitárnej krízy na Ukrajine.</p>
<p>Umelci Júlia Piačková, Igor Piačka a Martin Dzúrek na tento účel poskytli svoje diela:</p>
<p><img loading="lazy" decoding="async" class="alignnone size-medium wp-image-1679" src="http://www.auc.sk/wordpress/wp-content/uploads/2022/03/Julia-Piackova-JAR-237x300.jpg" alt="" width="237" height="300" srcset="https://www.auc.sk/wordpress/wp-content/uploads/2022/03/Julia-Piackova-JAR-237x300.jpg 237w, https://www.auc.sk/wordpress/wp-content/uploads/2022/03/Julia-Piackova-JAR-808x1024.jpg 808w, https://www.auc.sk/wordpress/wp-content/uploads/2022/03/Julia-Piackova-JAR-768x973.jpg 768w, https://www.auc.sk/wordpress/wp-content/uploads/2022/03/Julia-Piackova-JAR-1212x1536.jpg 1212w, https://www.auc.sk/wordpress/wp-content/uploads/2022/03/Julia-Piackova-JAR.jpg 1616w" sizes="(max-width: 237px) 100vw, 237px" />   <img loading="lazy" decoding="async" class="alignnone size-medium wp-image-1678" style="font-style: inherit;" src="http://www.auc.sk/wordpress/wp-content/uploads/2022/03/Igor-Piacka-STASTIE-199x300.jpg" alt="" width="199" height="300" srcset="https://www.auc.sk/wordpress/wp-content/uploads/2022/03/Igor-Piacka-STASTIE-199x300.jpg 199w, https://www.auc.sk/wordpress/wp-content/uploads/2022/03/Igor-Piacka-STASTIE-681x1024.jpg 681w, https://www.auc.sk/wordpress/wp-content/uploads/2022/03/Igor-Piacka-STASTIE-768x1156.jpg 768w, https://www.auc.sk/wordpress/wp-content/uploads/2022/03/Igor-Piacka-STASTIE-1021x1536.jpg 1021w, https://www.auc.sk/wordpress/wp-content/uploads/2022/03/Igor-Piacka-STASTIE.jpg 1361w" sizes="(max-width: 199px) 100vw, 199px" />   <img loading="lazy" decoding="async" class="alignnone size-medium wp-image-1680" style="font-family: inherit; font-style: inherit; font-weight: inherit;" src="http://www.auc.sk/wordpress/wp-content/uploads/2022/03/Martin-Dzurek-SPOLU-205x300.jpg" alt="" width="205" height="300" srcset="https://www.auc.sk/wordpress/wp-content/uploads/2022/03/Martin-Dzurek-SPOLU-205x300.jpg 205w, https://www.auc.sk/wordpress/wp-content/uploads/2022/03/Martin-Dzurek-SPOLU-699x1024.jpg 699w, https://www.auc.sk/wordpress/wp-content/uploads/2022/03/Martin-Dzurek-SPOLU-768x1125.jpg 768w, https://www.auc.sk/wordpress/wp-content/uploads/2022/03/Martin-Dzurek-SPOLU-1048x1536.jpg 1048w, https://www.auc.sk/wordpress/wp-content/uploads/2022/03/Martin-Dzurek-SPOLU.jpg 1092w" sizes="(max-width: 205px) 100vw, 205px" /></p>
<ul>
<li>Júlia Piačková: „<strong>Jar</strong>„, akryl na plátne, 50 x 40 cm, 450 Eur</li>
<li>Igor Piačka: „<strong>Šťastie</strong>„, lept, suchá ihla, mezzotinta, 99 x 66 cm, 550 Eur</li>
<li>Martin Dzúrek: „<strong>Spolu</strong>„, bronz/grafit, 7 x 7 x 25 cm, 600 Euro</li>
</ul>
<p>Ak uvažujete nad podporou ľudí z Ukrajiny formou kúpy týchto umeleckých diel, kontaktujte nás, prosím, prostredníctvom e-mailu <a href="mailto:adunacorda@gmail.com" target="_blank" rel="noreferrer noopener">adunacorda@gmail.com</a>, alebo na tel. čísle 0908 112 111.</p>
<p>Vami zakúpené dielo si môžete prevziať počas podujatia, alebo Vám ho doručíme po podujatí s tým, že na koncerte bude zverejnená len výška Vášho príspevku ako verejné poďakovanie Bohu známemu dobrodincovi….</p>
<p>Za účelom získania čo najväčšej podpory pre potreby ľudí z Ukrajiny diela budú ponúknuté tomu z Vás, kto daruje najvyšší príspevok.</p>
<p>ĎAKUJEME za porozumenie a podporu.</p>

<p>séria minikoncertov a zamyslení v Pezinku</p>
