{"id":1821,"date":"2025-02-21T14:16:56","date_gmt":"2025-02-21T13:16:56","guid":{"rendered":"https:\/\/www.auc.sk\/?post_type=tribe_events&#038;p=1821"},"modified":"2025-07-18T08:49:12","modified_gmt":"2025-07-18T07:49:12","slug":"cesty-k-sebe-xxiv","status":"publish","type":"tribe_events","link":"https:\/\/www.auc.sk\/index.php\/event\/cesty-k-sebe-xxiv\/","title":{"rendered":"CESTY K SEBE XXIV."},"content":{"rendered":"<p><strong><img loading=\"lazy\" decoding=\"async\" class=\"wp-image-1822 size-large alignleft\" src=\"https:\/\/www.auc.sk\/wordpress\/wp-content\/uploads\/2025\/02\/CKS-XXIV_plagat_2025-724x1024.png\" alt=\"\" width=\"724\" height=\"1024\" srcset=\"https:\/\/www.auc.sk\/wordpress\/wp-content\/uploads\/2025\/02\/CKS-XXIV_plagat_2025-724x1024.png 724w, https:\/\/www.auc.sk\/wordpress\/wp-content\/uploads\/2025\/02\/CKS-XXIV_plagat_2025-212x300.png 212w, https:\/\/www.auc.sk\/wordpress\/wp-content\/uploads\/2025\/02\/CKS-XXIV_plagat_2025-768x1086.png 768w, https:\/\/www.auc.sk\/wordpress\/wp-content\/uploads\/2025\/02\/CKS-XXIV_plagat_2025-1086x1536.png 1086w, https:\/\/www.auc.sk\/wordpress\/wp-content\/uploads\/2025\/02\/CKS-XXIV_plagat_2025-1448x2048.png 1448w, https:\/\/www.auc.sk\/wordpress\/wp-content\/uploads\/2025\/02\/CKS-XXIV_plagat_2025.png 1755w\" sizes=\"(max-width: 724px) 100vw, 724px\" \/><\/strong><\/p>\n<p><strong>Felix Mendelssohn-Bartholdy<\/strong><br \/>\nLOBGESANG op. 52<\/p>\n<p><strong>\u00fa\u010dinkuj\u00fa:<br \/>\n<\/strong>Martina Masarykov\u00e1, sopr\u00e1n<br \/>\nEva \u0160u\u0161kov\u00e1, sopr\u00e1n<br \/>\nMat\u00fa\u0161 \u0160imko, tenor<br \/>\nAd Una Corda, pezinsk\u00fd chr\u00e1mov\u00fd zbor<strong><br \/>\n<\/strong>Cappella Istropolitana<br \/>\nMari\u00e1n \u0160ipo\u0161, dirigen<span style=\"font-size: 15px;\">t<\/span><\/p>\n<p>&nbsp;<\/p>\n<p>Benefi\u010dn\u00fd koncert Cesty k sebe dlhodobo patr\u00ed medzi najv\u00fdraznej\u0161ie aktivity pezinsk\u00e9ho chr\u00e1mov\u00e9ho zboru Ad Una Corda. Umeleck\u00e9 teleso sa sna\u017e\u00ed prostredn\u00edctvom koncertu pouk\u00e1za\u0165 na ochorenia det\u00ed, ktor\u00e9 s\u00edce nie s\u00fa vidite\u013en\u00e9 okom, av\u0161ak s\u00fa rovnako z\u00e1va\u017en\u00e9 ako poruchy telesn\u00e9. Z\u00e1rove\u0148 maj\u00fa Cesty k sebe aj umeleck\u00e9 amb\u00edcie, a to spr\u00edstup\u0148ova\u0165 verejnosti v meste, kde nes\u00eddli \u017eiadne profesion\u00e1lne hudobn\u00e9 teleso, v\u017edy nov\u00e9 vok\u00e1lno-in\u0161trument\u00e1lne diela.<\/p>\n<p><strong>Podujatie z verejn\u00fdch zdrojov podporil Bratislavsk\u00fd samospr\u00e1vny kraj, Mesto Pezinok a Hudobn\u00fd fond.<\/strong><\/p>\n<p>&nbsp;<\/p>\n<p><img loading=\"lazy\" decoding=\"async\" class=\"alignnone wp-image-1501 \" src=\"https:\/\/www.auc.sk\/wordpress\/wp-content\/uploads\/2018\/08\/BSK_logo-uprava-300x210.jpg\" alt=\"\" width=\"275\" height=\"193\" srcset=\"https:\/\/www.auc.sk\/wordpress\/wp-content\/uploads\/2018\/08\/BSK_logo-uprava-300x210.jpg 300w, https:\/\/www.auc.sk\/wordpress\/wp-content\/uploads\/2018\/08\/BSK_logo-uprava-768x537.jpg 768w, https:\/\/www.auc.sk\/wordpress\/wp-content\/uploads\/2018\/08\/BSK_logo-uprava-1024x716.jpg 1024w, https:\/\/www.auc.sk\/wordpress\/wp-content\/uploads\/2018\/08\/BSK_logo-uprava.jpg 1688w\" sizes=\"(max-width: 275px) 100vw, 275px\" \/><img loading=\"lazy\" decoding=\"async\" class=\"wp-image-1832 alignnone\" src=\"https:\/\/www.auc.sk\/wordpress\/wp-content\/uploads\/2025\/02\/idtWvNoE19_logos-300x300.jpeg\" alt=\"\" width=\"165\" height=\"165\" srcset=\"https:\/\/www.auc.sk\/wordpress\/wp-content\/uploads\/2025\/02\/idtWvNoE19_logos-300x300.jpeg 300w, https:\/\/www.auc.sk\/wordpress\/wp-content\/uploads\/2025\/02\/idtWvNoE19_logos-1024x1024.jpeg 1024w, https:\/\/www.auc.sk\/wordpress\/wp-content\/uploads\/2025\/02\/idtWvNoE19_logos-150x150.jpeg 150w, https:\/\/www.auc.sk\/wordpress\/wp-content\/uploads\/2025\/02\/idtWvNoE19_logos-768x768.jpeg 768w, https:\/\/www.auc.sk\/wordpress\/wp-content\/uploads\/2025\/02\/idtWvNoE19_logos-1536x1536.jpeg 1536w, https:\/\/www.auc.sk\/wordpress\/wp-content\/uploads\/2025\/02\/idtWvNoE19_logos-45x45.jpeg 45w, https:\/\/www.auc.sk\/wordpress\/wp-content\/uploads\/2025\/02\/idtWvNoE19_logos.jpeg 2048w\" sizes=\"(max-width: 165px) 100vw, 165px\" \/><\/p>\n","protected":false},"excerpt":{"rendered":"<p>Tradi\u010dny benefi\u010dn\u00fd koncert<\/p>\n","protected":false},"author":3,"featured_media":0,"template":"","meta":{"ngg_post_thumbnail":0,"_tribe_events_status":"","_tribe_events_status_reason":"","footnotes":""},"tags":[],"tribe_events_cat":[],"_links":{"self":[{"href":"https:\/\/www.auc.sk\/index.php\/wp-json\/wp\/v2\/tribe_events\/1821"}],"collection":[{"href":"https:\/\/www.auc.sk\/index.php\/wp-json\/wp\/v2\/tribe_events"}],"about":[{"href":"https:\/\/www.auc.sk\/index.php\/wp-json\/wp\/v2\/types\/tribe_events"}],"author":[{"embeddable":true,"href":"https:\/\/www.auc.sk\/index.php\/wp-json\/wp\/v2\/users\/3"}],"version-history":[{"count":6,"href":"https:\/\/www.auc.sk\/index.php\/wp-json\/wp\/v2\/tribe_events\/1821\/revisions"}],"predecessor-version":[{"id":1834,"href":"https:\/\/www.auc.sk\/index.php\/wp-json\/wp\/v2\/tribe_events\/1821\/revisions\/1834"}],"wp:attachment":[{"href":"https:\/\/www.auc.sk\/index.php\/wp-json\/wp\/v2\/media?parent=1821"}],"wp:term":[{"taxonomy":"post_tag","embeddable":true,"href":"https:\/\/www.auc.sk\/index.php\/wp-json\/wp\/v2\/tags?post=1821"},{"taxonomy":"tribe_events_cat","embeddable":true,"href":"https:\/\/www.auc.sk\/index.php\/wp-json\/wp\/v2\/tribe_events_cat?post=1821"}],"curies":[{"name":"wp","href":"https:\/\/api.w.org\/{rel}","templated":true}]}}

<p><strong><img loading="lazy" decoding="async" class="wp-image-1822 size-large alignleft" src="https://www.auc.sk/wordpress/wp-content/uploads/2025/02/CKS-XXIV_plagat_2025-724x1024.png" alt="" width="724" height="1024" srcset="https://www.auc.sk/wordpress/wp-content/uploads/2025/02/CKS-XXIV_plagat_2025-724x1024.png 724w, https://www.auc.sk/wordpress/wp-content/uploads/2025/02/CKS-XXIV_plagat_2025-212x300.png 212w, https://www.auc.sk/wordpress/wp-content/uploads/2025/02/CKS-XXIV_plagat_2025-768x1086.png 768w, https://www.auc.sk/wordpress/wp-content/uploads/2025/02/CKS-XXIV_plagat_2025-1086x1536.png 1086w, https://www.auc.sk/wordpress/wp-content/uploads/2025/02/CKS-XXIV_plagat_2025-1448x2048.png 1448w, https://www.auc.sk/wordpress/wp-content/uploads/2025/02/CKS-XXIV_plagat_2025.png 1755w" sizes="(max-width: 724px) 100vw, 724px" /></strong></p>
<p><strong>Felix Mendelssohn-Bartholdy</strong><br />
LOBGESANG op. 52</p>
<p><strong>účinkujú:<br />
</strong>Martina Masaryková, soprán<br />
Eva Šušková, soprán<br />
Matúš Šimko, tenor<br />
Ad Una Corda, pezinský chrámový zbor<strong><br />
</strong>Cappella Istropolitana<br />
Marián Šipoš, dirigen<span style="font-size: 15px;">t</span></p>
<p>&nbsp;</p>
<p>Benefičný koncert Cesty k sebe dlhodobo patrí medzi najvýraznejšie aktivity pezinského chrámového zboru Ad Una Corda. Umelecké teleso sa snaží prostredníctvom koncertu poukázať na ochorenia detí, ktoré síce nie sú viditeľné okom, avšak sú rovnako závažné ako poruchy telesné. Zároveň majú Cesty k sebe aj umelecké ambície, a to sprístupňovať verejnosti v meste, kde nesídli žiadne profesionálne hudobné teleso, vždy nové vokálno-inštrumentálne diela.</p>
<p><strong>Podujatie z verejných zdrojov podporil Bratislavský samosprávny kraj, Mesto Pezinok a Hudobný fond.</strong></p>
<p>&nbsp;</p>
<p><img loading="lazy" decoding="async" class="alignnone wp-image-1501 " src="https://www.auc.sk/wordpress/wp-content/uploads/2018/08/BSK_logo-uprava-300x210.jpg" alt="" width="275" height="193" srcset="https://www.auc.sk/wordpress/wp-content/uploads/2018/08/BSK_logo-uprava-300x210.jpg 300w, https://www.auc.sk/wordpress/wp-content/uploads/2018/08/BSK_logo-uprava-768x537.jpg 768w, https://www.auc.sk/wordpress/wp-content/uploads/2018/08/BSK_logo-uprava-1024x716.jpg 1024w, https://www.auc.sk/wordpress/wp-content/uploads/2018/08/BSK_logo-uprava.jpg 1688w" sizes="(max-width: 275px) 100vw, 275px" /><img loading="lazy" decoding="async" class="wp-image-1832 alignnone" src="https://www.auc.sk/wordpress/wp-content/uploads/2025/02/idtWvNoE19_logos-300x300.jpeg" alt="" width="165" height="165" srcset="https://www.auc.sk/wordpress/wp-content/uploads/2025/02/idtWvNoE19_logos-300x300.jpeg 300w, https://www.auc.sk/wordpress/wp-content/uploads/2025/02/idtWvNoE19_logos-1024x1024.jpeg 1024w, https://www.auc.sk/wordpress/wp-content/uploads/2025/02/idtWvNoE19_logos-150x150.jpeg 150w, https://www.auc.sk/wordpress/wp-content/uploads/2025/02/idtWvNoE19_logos-768x768.jpeg 768w, https://www.auc.sk/wordpress/wp-content/uploads/2025/02/idtWvNoE19_logos-1536x1536.jpeg 1536w, https://www.auc.sk/wordpress/wp-content/uploads/2025/02/idtWvNoE19_logos-45x45.jpeg 45w, https://www.auc.sk/wordpress/wp-content/uploads/2025/02/idtWvNoE19_logos.jpeg 2048w" sizes="(max-width: 165px) 100vw, 165px" /></p>

<p>Tradičny benefičný koncert</p>
